the greatest common factor of 3 and 57?
3
Calculate the greatest common factor of 213 and 13774.
71
Calculate the highest common factor of 27 and 9099.
27
What is the highest common divisor of 1079 and 13?
13
What is the highest common divisor of 55 and 340?
5
What is the highest common divisor of 320 and 490?
10
What is the greatest common factor of 1643 and 53?
53
Calculate the greatest common factor of 2673 and 1053.
81
What is the greatest common factor of 249 and 12?
3
What is the greatest common factor of 15 and 1055?
5
What is the greatest common divisor of 12 and 552?
12
Calculate the greatest common divisor of 1344 and 48.
48
What is the greatest common divisor of 442 and 5474?
34
What is the greatest common divisor of 8 and 31?
1
What is the greatest common divisor of 16 and 4?
4
Calculate the highest common factor of 72 and 360.
72
What is the highest common divisor of 110 and 10?
10
What is the highest common divisor of 696 and 24?
24
What is the highest common factor of 39 and 416?
13
Calculate the highest common divisor of 480 and 15.
15
Calculate the highest common divisor of 696 and 8.
8
Calculate the highest common divisor of 580 and 1508.
116
What is the greatest common factor of 30 and 7185?
15
Calculate the highest common divisor of 266 and 190.
38
What is the greatest common divisor of 106 and 265?
53
Calculate the highest common divisor of 224 and 14.
14
What is the highest common factor of 102 and 374?
34
What is the greatest common divisor of 2272 and 213?
71
What is the highest common factor of 144 and 2688?
48
What is the greatest common factor of 1898 and 219?
73
Calculate the highest common factor of 7 and 119.
7
What is the greatest common divisor of 152 and 38?
38
Calculate the greatest common divisor of 573 and 6.
3
What is the highest common divisor of 348 and 4553?
29
What is the greatest common divisor of 140 and 28?
28
Calculate the greatest common divisor of 5835 and 15.
15
Calculate the greatest common divisor of 611 and 329.
47
Calculate the highest common factor of 150 and 74850.
150
Calculate the greatest common divisor of 50 and 725.
25
What is the highest common factor of 228 and 15276?
228
What is the greatest common factor of 413 and 7?
7
What is the highest common factor of 2132 and 164?
164
What is the greatest common divisor of 431 and 3?
1
Calculate the highest common factor of 504 and 630.
126
What is the greatest common divisor of 204 and 12342?
102
Calculate the highest common divisor of 1426 and 92.
46
What is the highest common divisor of 7 and 31829?
7
Calculate the greatest common factor of 64 and 76192.
32
What is the highest common divisor of 270 and 9?
9
Calculate the highest common factor of 544 and 680.
136
Calculate the greatest common factor of 640 and 5696.
64
Calculate the greatest common divisor of 133 and 917.
7
Calculate the greatest common factor of 196 and 126.
14
Calculate the greatest common divisor of 26 and 764.
2
Calculate the greatest common divisor of 20 and 90.
10
What is the highest common factor of 159 and 53?
53
What is the highest common factor of 8 and 2?
2
What is the greatest common divisor of 15 and 840?
15
Calculate the highest common factor of 15 and 615.
15
Calculate the highest common factor of 172 and 559.
43
Calculate the greatest common factor of 316 and 1975.
79
Calculate the greatest common divisor of 28 and 56.
28
What is the highest common factor of 20 and 250?
10
What is the greatest common divisor of 20 and 65?
5
Calculate the greatest common divisor of 168 and 576.
24
Calculate the highest common divisor of 1 and 3450.
1
What is the greatest common factor of 168 and 399?
21
What is the greatest common divisor of 88 and 187?
11
What is the highest common factor of 3 and 57?
3
Calculate the highest common factor of 1000 and 56.
8
What is the greatest common factor of 1330 and 20?
10
Calculate the highest common divisor of 364 and 416.
52
What is the highest common factor of 1015 and 10585?
145
Calculate the highest common factor of 4 and 115.
1
What is the greatest common factor of 106 and 6784?
106
What is the greatest common divisor of 490 and 140?
70
Calculate the highest common factor of 13 and 1352.
13
Calculate the highest common divisor of 27 and 837.
27
What is the greatest common factor of 1449 and 315?
63
Calculate the greatest common factor of 414 and 36.
18
Calculate the greatest common factor of 630 and 405.
45
What is the greatest common factor of 513 and 608?
19
Calculate the highest common divisor of 3344 and 220.
44
What is the highest common divisor of 48 and 1236?
12
Calculate the greatest common factor of 72 and 24.
24
What is the greatest common divisor of 16 and 284?
4
Calculate the greatest common factor of 98 and 735.
49
What is the highest common divisor of 162 and 36?
18
What is the greatest common factor of 67519 and 269?
269
Calculate the highest common divisor of 895 and 5.
5
Calculate the highest common factor of 9 and 3987.
9
Calculate the greatest common factor of 5504 and 86.
86
Calculate the greatest common factor of 1309 and 1411.
17
Calculate the highest common factor of 1 and 26.
1
Calculate the greatest common divisor of 9 and 138.
3
What is the highest common factor of 525 and 35?
35
Calculate the greatest common divisor of 2828 and 336.
28
What is the highest common factor of 6174 and 49?
49
Calculate the highest common divisor of 200 and 475.
25
Calculate the highest common factor of 8 and 7144.
8
Calculate the highest common factor of 994 and 14.
14
What is the greatest common divisor of 12 and 3072?
12
Calculate the highest common divisor of 16 and 1304.
8
What is the greatest common divisor of 97 and 29973?
97
What is the greatest common divisor of 18 and 22?
2
What is the highest common factor of 753 and 69?
3
What is the highest common divisor of 44 and 1716?
44
What is the highest common factor of 39 and 4719?
39
Calculate the greatest common divisor of 14 and 13.
1
Calculate the highest common factor of 91 and 539.
7
Calculate the highest common divisor of 40 and 7820.
20
Calculate the highest common divisor of 399 and 228.
57
Calculate the greatest common divisor of 56 and 364.
28
What is the highest common divisor of 90 and 1970?
10
Calculate the highest common divisor of 554 and 37949.
277
Calculate the greatest common divisor of 6 and 750.
6
Calculate the greatest common factor of 11 and 1529.
11
Calculate the greatest common divisor of 621 and 253.
23
Calculate the greatest common factor of 52 and 962.
26
What is the greatest common divisor of 24 and 1128?
24
What is the greatest common divisor of 1796 and 4?
4
What is the greatest common divisor of 752 and 893?
47
What is the greatest common factor of 63 and 651?
21
What is the greatest common factor of 82580 and 20?
20
What is the greatest common factor of 27 and 513?
27
What is the greatest common factor of 50 and 4?
2
Calculate the highest common factor of 305 and 549.
61
What is the greatest common divisor of 455 and 273?
91
What is the highest common factor of 24 and 4992?
24
Calculate the greatest common factor of 115 and 713.
23
Calculate the highest common factor of 47 and 2.
1
Calculate the highest common divisor of 110 and 110.
110
Calculate the greatest common divisor of 57 and 13737.
57
Calculate the highest common divisor of 12 and 58.
2
What is the highest common factor of 3476 and 352?
44
Calculate the highest common factor of 13334 and 118.
118
Calculate the greatest common factor of 246 and 574.
82
What is the highest common divisor of 27 and 1269?
27
Calculate the greatest common factor of 294 and 42.
42
What is the highest common factor of 40 and 40?
40
What is the highest common factor of 85 and 1910?
5
What is the greatest common factor of 2 and 278?
2
What is the greatest common divisor of 2 and 98?
2
What is the greatest common factor of 832 and 884?
52
What is the greatest common factor of 553 and 2054?
79
Calculate the greatest common factor of 30 and 270.
30
What is the highest common factor of 6 and 366?
6
What is the highest common divisor of 41 and 26773?
41
What is the highest common factor of 165 and 15?
15
Calculate the greatest common factor of 637 and 52.
13
What is the highest common factor of 210 and 30?
